n divisor of 72529 and 374967?
61
What is the highest common divisor of 68 and 2540191?
17
What is the greatest common divisor of 82564030 and 20?
10
What is the greatest common divisor of 66299220 and 225?
45
Calculate the greatest common factor of 18 and 63563706.
18
Calculate the greatest common divisor of 1232618956 and 2532.
844
What is the highest common factor of 4955146 and 378?
14
Calculate the greatest common divisor of 8544 and 61191327.
267
Calculate the highest common factor of 34 and 23201634.
34
What is the greatest common factor of 2820 and 394252920?
2820
Calculate the highest common divisor of 42025 and 28775.
25
What is the highest common divisor of 40808054 and 84?
14
Calculate the highest common divisor of 490 and 11030145.
245
Calculate the greatest common factor of 1037641553 and 26.
13
Calculate the highest common divisor of 127264 and 204476.
388
What is the highest common divisor of 276 and 32910608?
92
What is the greatest common divisor of 106 and 1151829867?
53
What is the greatest common factor of 68569688 and 520696?
8536
Calculate the greatest common factor of 55614 and 974142.
1794
What is the greatest common divisor of 60087591 and 1640?
41
Calculate the greatest common divisor of 172 and 14718169.
43
Calculate the highest common divisor of 1407994 and 196.
14
What is the greatest common divisor of 19659078 and 117?
9
What is the highest common divisor of 847352656 and 2672?
2672
Calculate the highest common factor of 13332624 and 1122.
102
Calculate the highest common factor of 2636 and 7440.
4
Calculate the highest common divisor of 19953079 and 971.
971
Calculate the greatest common divisor of 11951763 and 1758.
879
Calculate the highest common factor of 8959 and 1867518.
289
What is the highest common factor of 205 and 687283?
41
What is the greatest common divisor of 4887286 and 4?
2
What is the greatest common factor of 1398 and 2235734025?
699
Calculate the highest common divisor of 56230342 and 651.
217
Calculate the greatest common factor of 16218 and 35496.
306
Calculate the highest common factor of 1719 and 6872753.
191
Calculate the highest common divisor of 2996709 and 255.
51
Calculate the highest common divisor of 224476896 and 288.
96
What is the highest common factor of 9450 and 41341650?
1050
What is the greatest common factor of 144017 and 11222388?
1823
What is the highest common factor of 48757148 and 1012?
1012
Calculate the greatest common factor of 574718 and 10622.
226
What is the greatest common factor of 78 and 418908?
6
Calculate the greatest common factor of 24 and 5147.
1
What is the highest common factor of 216 and 1374560?
8
Calculate the highest common divisor of 37926 and 21113.
43
Calculate the greatest common divisor of 678015 and 6555.
285
What is the highest common factor of 957 and 97364745?
87
Calculate the highest common divisor of 812 and 2914964.
116
Calculate the greatest common divisor of 13921586 and 448.
14
Calculate the highest common divisor of 1251796 and 3021.
19
What is the highest common divisor of 11880 and 182732220?
5940
Calculate the greatest common factor of 4286 and 14562.
2
What is the highest common divisor of 35 and 827014265?
35
Calculate the highest common divisor of 1912 and 429244.
956
What is the greatest common divisor of 1235107392 and 289?
289
What is the highest common factor of 814 and 12657922?
74
Calculate the highest common divisor of 3664 and 868621732.
916
What is the highest common divisor of 2234791 and 52?
13
Calculate the greatest common factor of 28 and 313484388.
28
What is the highest common divisor of 1188 and 20302029?
297
What is the highest common factor of 353761 and 12939?
19
What is the greatest common divisor of 5184 and 15815088?
1296
Calculate the highest common divisor of 37044689 and 9020.
451
Calculate the highest common factor of 423 and 15158547.
9
Calculate the greatest common divisor of 1760136 and 441.
21
Calculate the greatest common divisor of 72486 and 29376.
18
What is the greatest common factor of 1440 and 17807460?
60
What is the highest common factor of 40535 and 17445780?
605
Calculate the highest common factor of 896138 and 986.
34
What is the greatest common factor of 320656 and 41568?
16
Calculate the greatest common factor of 633 and 719351961.
633
What is the greatest common factor of 63904 and 1060407?
1997
What is the greatest common divisor of 5215 and 91350?
35
What is the highest common factor of 6861 and 74877?
3
What is the greatest common divisor of 50655 and 23910?
15
Calculate the greatest common divisor of 45 and 4450284.
9
What is the highest common factor of 842772 and 1309188?
948
Calculate the greatest common factor of 5012 and 2378124.
28
Calculate the greatest common divisor of 3176 and 37233836.
1588
Calculate the greatest common divisor of 1377 and 347652.
81
Calculate the highest common divisor of 3933 and 34457697.
171
What is the highest common factor of 26805 and 16181285?
8935
Calculate the greatest common divisor of 45 and 1707984.
9
Calculate the greatest common divisor of 33 and 191098677.
33
What is the highest common divisor of 822 and 290819079?
411
What is the greatest common divisor of 718 and 28428133?
359
What is the greatest common divisor of 19215978 and 12?
6
Calculate the highest common factor of 9852 and 6656668.
3284
Calculate the greatest common divisor of 1754640 and 1305.
45
Calculate the highest common divisor of 5186610 and 7020.
1170
What is the highest common divisor of 5243 and 12301576?
749
Calculate the highest common factor of 99220 and 79145.
55
Calculate the highest common divisor of 46 and 75906118.
46
What is the highest common factor of 8037376 and 10058?
94
What is the highest common factor of 26 and 9116158?
2
Calculate the greatest common divisor of 4239420 and 60.
60
What is the highest common factor of 5681723 and 102?
17
What is the highest common factor of 12818 and 5461573?
221
What is the greatest common divisor of 1146 and 309749475?
573
Calculate the greatest common factor of 2011858 and 35758.
1882
What is the greatest common divisor of 87193583 and 122?
61
Calculate the greatest common divisor of 159145 and 3255.
35
Calculate the highest common divisor of 608396 and 15019.
23
Calculate the highest common divisor of 21472 and 1573616.
176
Calculate the highest common factor of 11088 and 2619.
9
What is the greatest common divisor of 3050904 and 3864?
552
Calculate the greatest common factor of 1019247 and 9.
3
Calculate the highest common factor of 9783864 and 872.
8
What is the greatest common factor of 29085 and 22243377?
831
Calculate the highest common factor of 48064888 and 64.
8
Calculate the greatest common divisor of 6762612 and 27.
3
Calculate the greatest common factor of 96397 and 173383.
329
What is the greatest common divisor of 63216454 and 1246?
14
What is the greatest common divisor of 3722340 and 510?
30
Calculate the highest common factor of 3008592 and 1255824.
2448
What is the greatest common divisor of 14292045 and 60122?
1307
What is the highest common factor of 14324832 and 9216?
288
Calculate the highest common factor of 7822 and 190.
2
Calculate the highest common divisor of 143008 and 2638432.
1312
What is the greatest common divisor of 4404945 and 465?
465
What is the greatest common factor of 379152389 and 5357?
5357
What is the highest common factor of 1700 and 2689332?
68
Calculate the highest common factor of 3841 and 1256498648.
3841
Calculate the greatest common factor of 4754 and 431969833.
2377
What is the greatest common divisor of 16 and 387426856?
8
What is the highest common factor of 13780 and 52312?
52
Calculate the highest common factor of 546 and 14776818.
42
What is the greatest common factor of 34 and 1573639?
17
What is the greatest common factor of 365822 and 24745?
101
Calculate the highest common factor of 49651759 and 1158.
193
What is the greatest common factor of 23901542 and 14?
14
What is the greatest common divisor of 104 and 38125212?
4
What is the greatest common factor of 7522140 and 660?
60
Calculate the greatest common divisor of 31428 and 3723408.
324
Calculate the greatest common factor of 179265 and 1020.
255
Calculate the greatest common factor of 117200 and 4853